= -m - 2 + 5*m**2 - 2*m + 6*m - 6*m. Let c be 50/8 - (-1)/(-4). Let p(x) = 6*x**2 - 3*x - 3. Let g(r) = c*p(r) - 7*w(r). Determine g(-4).
0
Suppose -3*m + 28 = -5*m. Let t be (m/(-2)*-1)/1. Let p(w) = w**3 + 6*w**2 - 9*w - 9. Determine p(t).
5
Let f(s) = -6*s**2 - s. Let g(j) = -2*j**3 - 5*j**2 - 4. Let o be g(-4). Let b = -43 + o. Determine f(b).
-7
Suppose 2*k = -2*u + 21 - 3, -2*k = u - 13. Suppose -k*q - 4 = 8. Let v(p) = 3 + 3*p + 2*p - 4*p - 2. Determine v(q).
-2
Let f(h) = 3*h + 12. Let n(w) = -w - 13. Let k(l) = -2*f(l) - 3*n(l). What is k(10)?
-15
Suppose 18 + 12 = -5*o. Let b(c) = -c**3 - 5*c**2 + 6*c - 6. Determine b(o).
-6
Suppose -4*i = n + 27, 2 = 2*i - 5*n - 1. Suppose -3*u = -3*x - x + 23, -5*x = 4*u - 52. Let z = i + x. Let k(o) = -4*o + 1. Calculate k(z).
-7
Let t be (-2)/(-19) + (-12960)/1824. Let k(f) = 2*f**2 + 7*f - 8. Calculate k(t).
41
Let t(j) = -9 + 12 - 5*j**2 - 5 - 1 - 1 + j**3. What is t(5)?
-4
Let m(j) = j**2 - 11*j + 29. Let r be (-3150)/(-405) - 7/((-126)/4). Determine m(r).
5
Suppose 101 = -8*d + 117. Let i(c) = 7 + 5*c - 10 + 3. Give i(d).
10
Let i(v) be the third derivative of v**4/24 - 5*v**3/6 - 17*v**2 - 6*v. Calculate i(11).
6
Let m(q) = -q**3 - 51*q**2 + 110*q + 218. Let g be m(-53). Let i(s) = -1. Let y(w) = -2*w - 3. Let u(d) = -2*i(d) - y(d). Determine u(g).
17
Let w(j) = 10*j + 2. Let k(d) = d. Let t(b) = -12*k(b) + w(b). Let h be (-380)/(-180) - (-2)/(-18). Determine t(h).
-2
Suppose 0 = -0*b - 2*b + 10. Let f = 6 - b. Let n(x) = 3*x. Determine n(f).
3
Let k(r) = r**2 + 5*r - 8. Let p be 1*2*121/(-22). Let n = p - -5. Determine k(n).
-2
Let n(u) be the second derivative of 0 - u**2 + 1/3*u**3 + 5/12*u**4 - 16*u. What is n(-2)?
14
Suppose 13 = r - 5*k, -r - 3*k = -2*k - 7. Let p(h) = -h**3 + 8*h**2 - 2*h + 12. Calculate p(r).
-4
Let u(l) = -l - 1. Let d = -46 + 50. Suppose -5*i + 3*j = -38, -i - d*j + 3 = -0*i. What is u(i)?
-8
Let k(c) = c**2 + 4*c - 3. Let i(u) = -u - 8. Let h be i(-13). Suppose 0 = -2*z - 2, -5*z = h*n - 14 + 4. Determine k(n).
18
Let a(g) be the third derivative of g**5/60 - 3*g**4/8 - 17*g**3/6 + 34*g**2 + 10*g. What is a(-2)?
5
Let f(r) = -3*r**3 - 10*r**2 + 8*r - 4. Let c(w) = 4*w**3 + 12*w**2 - 8*w + 3. Let o(x) = -2*c(x) - 3*f(x). Calculate o(-7).
13
Let b(j) be the first derivative of -j**3/3 + 6*j**2 - 22*j + 211. Give b(9).
5
Let n(i) be the second derivative of -i**4/12 - 5*i**3/3 - 9*i**2 - 11*i. Calculate n(-5).
7
Let a(r) be the third derivative of r**5/60 - r**4/4 + r**3/6 + 108*r**2. Suppose 2*x - 3*x + 6 = 0. Determine a(x).
1
Let y(d) = -6*d**3 + 54*d**2 - 54*d + 35. Let o(a) = -a**3 + 11*a**2 - 11*a + 7. Let m(b) = 11*o(b) - 2*y(b). What is m(-14)?
-7
Let f(c) = -c**3 - c**2 + 1. Let v(r) = 21*r**3 + 4*r**2 - 5. Let d(w) = 6*f(w) + v(w). Give d(-1).
-16
Let f(m) = m**2 - 6*m - 14. Let c be f(8). Let t(v) be the second derivative of 0 + 2*v - 4/3*v**3 + 5/12*v**4 + 1/20*v**5 - 3*v**c. What is t(-6)?
6
Let w(u) = -u**3 + 12*u**2 - 12*u + 7. Suppose 0 = -m + 2*m. Suppose 8 = -4*s, -4*c - 5*s - 4 + 38 = m. Calculate w(c).
-4
Let s(b) = 2*b**3 + 1 + b**3 - b - b**2 + b**3. Let i(l) be the first derivative of l**3/3 + 5*l**2/2 - 13*l - 35. Let d be i(-7). Calculate s(d).
3
Let o(f) = f**2 + 6*f + 3. Suppose l = 5*d + 20, -2*l + 6*l = d + 4. Let i be (d/(-3))/((-4)/(-24)). Suppose i*g - 20 = 13*g. Determine o(g).
-5
Let a(o) be the third derivative of o**4/8 - o**3/3 - 105*o**2. Determine a(7).
19
Let j = -2 + 4. Suppose -4*d = -3*q - 17, q + 2*d - 7*d = -24. Let c(w) = q - 5*w**j - 7*w - 5*w**2 + 11*w**2. Calculate c(3).
-11
Suppose -2*v - 1 = -7. Let s(o) = 4*o + 9. Let q(g) = 7*g + 17. Let k be (((-420)/(-6))/(-7))/(4/2). Let h(r) = k*s(r) + v*q(r). Calculate h(0).
6
Let y(g) = 4*g - 15*g - 2*g - g**2 + g + 1. Calculate y(-14).
-27
Suppose 8 + 172 = 18*h. Let c(m) = m - 3. Calculate c(h).
7
Suppose 0 = 4*h - 4*k - 0*k - 52, h - 7 = -k. Let p(a) = 4 + h - 1 - 14 - a**2 + a. Let w(q) = -5*q**2 + 8*q - 6. Let d(m) = -6*p(m) + w(m). Calculate d(-3).
3
Let s be 6 + -6 + (-6)/(-2). Suppose 3*h + 8 = -4*a, 6*a + s*h + 4 = 4*a. Let u(c) be the first derivative of c**4/4 + 2*c**3/3 + c**2/2 + c + 3. What is u(a)?
-1
Let d(v) = -v**2 + 5*v + 4. Let k be 1 - -1 - 9/(-3). Suppose 81 = n + 3*n + k*i, 2*i - 10 = 0. Let j = n + -10. Give d(j).
8
Let r(j) = 4*j**3 + 15*j**2 - 9*j + 4. Let p(l) = -l**3 - 5*l**2 + 3*l - 1. Let z(i) = 7*p(i) + 2*r(i). What is z(4)?
-3
Let x(n) = -n - 20. Suppose 3*v = -11 - 46. Let t be x(v). Let p(k) = 2*k - 1. Determine p(t).
-3
Let s(a) = 17*a - 19. Let h(k) = -13*k + 15. Let r(x) = 4*h(x) + 3*s(x). Let f be ((-1)/3)/(4/(-108)). Give r(f).
-6
Let i(p) = 302*p**2 - p**3 + 0*p + p - 287*p**2 - 58 + 70. Calculate i(15).
27
Let n(i) = -2*i**2 + 5*i - 3. Suppose 0 = 4*w - 6*w. Suppose w = s + y + 4, 4*y - 3 = -s - 10. Let m be (17 - 11) + (s - 0). What is n(m)?
-6
Let n(s) = 2*s**2 + 4*s + 8*s**3 - s**2 - 6*s + 0*s + 1. Let v be 2/(0/1 + 2). Suppose 3*k - 2 = v. Calculate n(k).
8
Let x(n) = n**3 - 2*n**2 - 3*n + 1. Suppose 28 = 7*d + 14. Suppose -2*g + d*r + 2 = 0, -4*g = -0*r - 5*r - 2. Determine x(g).
1
Let t(a) = a - 20. Suppose -51 = 7*j + 10*j. Let o(f) = 1. Let d(m) = j*o(m) - t(m). Give d(0).
17
Let y(c) = c**2 - 4*c + 5. Let a be y(4). Suppose 4*l - 1 = -a. Let x(n) = -n**3 - 2*n**2 - 8*n - 1. Let k(r) = -r. Let b(t) = -6*k(t) + x(t). What is b(l)?
0
Let u be (6/2)/(-3 - (-4)/1). Let d(x) = -x + x**u - 232 + 3*x**2 + 0*x**2 + 226 - 6*x. Let a be 6/(-9) + (-30)/9. What is d(a)?
6
Let f(l) be the third derivative of 5/24*l**4 + 1/120*l**6 + 0 + 0*l - 27*l**2 - 1/3*l**3 - 1/15*l**5. Calculate f(3).
4
Let f(n) be the first derivative of 7*n**4/12 + n**3/3 + n**2/2 - 2*n + 11. Let q(b) be the first derivative of f(b). What is q(-1)?
6
Let y(s) = s**3 - 6*s**2 - 11*s + 24. Let c be y(7). Let t(r) = r**3 + 3*r**2 - 2*r + 4. Determine t(c).
-4
Let s(w) be the third derivative of -w**4/8 - 4*w**3/3 - w**2. Let i be s(8). Let a be 2*(-4)/(i/20). Let d(l) = -l + 2. What is d(a)?
-3
Let n(v) = -27*v - 20 - 4 + 37*v + v**2. Let j be n(-12). Let r(d) = d + 16. Determine r(j).
16
Let g(o) = o - 3. Let x be g(-3). Let p = -18 - -18. Let c(a) = -3 - a + p*a - 5*a + 7*a. Calculate c(x).
-9
Let l(u) be the first derivative of -u**3/3 - 11*u**2/2 - 11*u - 66. Determine l(-11).
-11
Let h be (-3 - (-3 - (-1 - -2)))*2. Let w(p) = 2*p + 1. What is w(h)?
5
Let v(i) = i**2 + 7*i + 16. Suppose -3*a = z + 11, -a - 11 = 29*z - 25*z. Determine v(a).
4
Let n(q) = -89*q + 37*q + 14*q + 3*q. Calculate n(1).
-35
Let w be 7/((-42)/(-36)) - (1 + 0). Let u(o) = -o + 7. Calculate u(w).
2
Let b = -73 - -78. Suppose -63 = -b*p - 38. Let x(i) = -2*i**2 + 7*i. Calculate x(p).
-15
Let c(m) be the first derivative of -m**5/120 - m**4/4 + 5*m**3 - 1. Let b(n) be the third derivative of c(n). What is b(0)?
-6
Let x(i) = -21 - 3*i + 16 + 4 - 2*i + 6*i. What is x(7)?
6
Let q(u) = -2*u - 7. Let b(g) = -2*g + 1. Suppose 6 = -3*c - 7*k + 2*k, 3*c + 2*k - 3 = 0. Let x be b(c). Give q(x).
3
Let d(u) = -u**3 + 14*u**2 - 13*u + 19. Let z = -2548 + 2561. Calculate d(z).
19
Let i(x) = -2*x + 3. Let p = -129 + 126. Give i(p).
9
Let c(u) be the first derivative of u**3/3 - 13*u**2/2 + 10*u + 45. Calculate c(11).
-12
Let p(b) = 3*b**2 + 19*b + 3. Let l(i) = -5*i**2 - 37*i - 5. Let y(a) = -4*l(a) - 7*p(a). Let x be y(15). Let h(r) = -3*r. What is h(x)?
3
Let i(z) = 2*z**2 + 19*z + 11. Suppose 3*b + n = -32, b + 3*n - 7 = -31. Determine i(b).
2
Let x = 407 + -410. Let j be 8/(-6)*3/(-2). Let o(h) = -3*h**j - 2 - 5*h + 2*h**2 + 0*h. What is o(x)?
4
Let h(z) = -z**3 + z**2 - z + 5. Let k = -460 - -460. Determine h(k).
5
Let f(y) be the first derivative of 3/2*y**4 + 15 + 0*y + 0*y**2 - 1/3*y**3. Determine f(1).
5
Let m(j) = -1 + 10*j + 32 - 61 - 11. Determine m(5).
9
Let l be 5 - (-2 + -2 - 15). Let x(f) = -f**2 + 26*f - 44. Let h be x(l). Let w(r) = -r - 3. Determine w(h).
-7
Suppose n - 12 = -4*g, -3*g - 2*n = g - 12. Suppose 0 = -f + g - 0. Suppose -f*l + 9 = -0*l. Let m(y) = 2*y - 3. Determine m(l).
3
Let n(h) = -h**3 + 9*h**2 - 10*h + 12. Let c(m) = 5 + 2*m**3 - 13*m**2 - 3*m**3 + 1 + 2. Let i be c(-13). Give n(i).
-4
Let j(u) be the first derivative of -u**3/3 - u**2 + 5*u + 2. Let k be j(-4). Let 